.
2, 19
What are the prime factors of 10400?
2, 5, 13
What are the prime factors of 14834?
2, 7417
List the prime factors of 965.
5, 193
What are the prime factors of 872?
2, 109
List the prime factors of 16822.
2, 13, 647
List the prime factors of 1229.
1229
List the prime factors of 418.
2, 11, 19
What are the prime factors of 675?
3, 5
List the prime factors of 449.
449
List the prime factors of 31382.
2, 13, 17, 71
List the prime factors of 65382.
2, 3, 17, 641
List the prime factors of 839.
839
What are the prime factors of 860?
2, 5, 43
List the prime factors of 122.
2, 61
List the prime factors of 33638.
2, 11, 139
What are the prime factors of 441?
3, 7
What are the prime factors of 22392?
2, 3, 311
List the prime factors of 897.
3, 13, 23
List the prime factors of 108179.
108179
What are the prime factors of 4687?
43, 109
List the prime factors of 15421.
7, 2203
What are the prime factors of 114790?
2, 5, 13, 883
List the prime factors of 8306.
2, 4153
What are the prime factors of 1948?
2, 487
What are the prime factors of 1183?
7, 13
List the prime factors of 441.
3, 7
What are the prime factors of 3185?
5, 7, 13
List the prime factors of 138856.
2, 17, 1021
List the prime factors of 171.
3, 19
What are the prime factors of 9648?
2, 3, 67
What are the prime factors of 4168?
2, 521
List the prime factors of 489.
3, 163
What are the prime factors of 7998?
2, 3, 31, 43
What are the prime factors of 1184?
2, 37
List the prime factors of 874.
2, 19, 23
List the prime factors of 8719.
8719
List the prime factors of 701.
701
List the prime factors of 5888.
2, 23
List the prime factors of 127291.
127291
List the prime factors of 16181.
11, 1471
What are the prime factors of 1306?
2, 653
List the prime factors of 1075.
5, 43
What are the prime factors of 83267?
83267
What are the prime factors of 7494?
2, 3, 1249
What are the prime factors of 1880?
2, 5, 47
List the prime factors of 129159.
3, 113, 127
What are the prime factors of 28744?
2, 3593
What are the prime factors of 1611?
3, 179
What are the prime factors of 23906?
2, 11953
List the prime factors of 2227.
17, 131
What are the prime factors of 433?
433
What are the prime factors of 6625?
5, 53
List the prime factors of 21322.
2, 7, 1523
What are the prime factors of 1340?
2, 5, 67
What are the prime factors of 22839?
3, 23, 331
What are the prime factors of 115?
5, 23
What are the prime factors of 937?
937
List the prime factors of 660.
2, 3, 5, 11
What are the prime factors of 3383?
17, 199
List the prime factors of 168.
2, 3, 7
What are the prime factors of 709?
709
List the prime factors of 800.
2, 5
What are the prime factors of 702?
2, 3, 13
List the prime factors of 3360.
2, 3, 5, 7
List the prime factors of 2800.
2, 5, 7
List the prime factors of 37928.
2, 11, 431
What are the prime factors of 259?
7, 37
List the prime factors of 48.
2, 3
What are the prime factors of 103863?
3, 89, 389
What are the prime factors of 8579?
23, 373
What are the prime factors of 9265?
5, 17, 109
List the prime factors of 47604.
2, 3, 3967
What are the prime factors of 77825?
5, 11, 283
What are the prime factors of 8977?
47, 191
What are the prime factors of 88454?
2, 47, 941
List the prime factors of 2116.
2, 23
List the prime factors of 1809.
3, 67
What are the prime factors of 11631?
3, 3877
List the prime factors of 1787.
1787
What are the prime factors of 1077?
3, 359
What are the prime factors of 5918?
2, 11, 269
List the prime factors of 109367.
109367
What are the prime factors of 9182?
2, 4591
What are the prime factors of 6107?
31, 197
List the prime factors of 7510.
2, 5, 751
List the prime factors of 64661.
64661
What are the prime factors of 732?
2, 3, 61
What are the prime factors of 8890?
2, 5, 7, 127
What are the prime factors of 2100?
2, 3, 5, 7
List the prime factors of 49528.
2, 41, 151
What are the prime factors of 15490?
2, 5, 1549
List the prime factors of 808.
2, 101
What are the prime factors of 46813?
13, 277
What are the prime factors of 16097?
16097
List the prime factors of 1075.
5, 43
List the prime factors of 7671.
3, 2557
What are the prime factors of 1992?
2, 3, 83
List the prime factors of 21547.
29, 743
What are the prime factors of 6445?
5, 1289
List the prime factors of 399.
3, 7, 19
List the prime factors of 40431.
3, 13477
List the prime factors of 116847.
3, 12983
What are the prime factors of 19048?
2, 2381
What are the prime factors of 21?
3, 7
What are the prime factors of 1012?
2, 11, 23
List the prime factors of 9636.
2, 3, 11, 73
What are the prime factors of 3346?
2, 7, 239
List the prime factors of 1062.
2, 3, 59
List the prime factors of 217.
7, 31
What are the prime factors of 60263?
7, 8609
List the prime factors of 27788.
2, 6947
What are the prime factors of 3204?
2, 3, 89
What are the prime factors of 614?
2, 307
What are the prime factors of 41945?
5, 8389
What are the prime factors of 8042?
2, 4021
List the prime factors of 7931.
7, 11, 103
What are the prime factors of 8792?
2, 7, 157
List the prime factors of 71.
71
List the prime factors of 1138.
2, 569
What are the prime factors of 1546?
2, 773
List the prime factors of 876.
2, 3, 73
What are the prime factors of 15545?
5, 3109
List the prime factors of 8953.
7, 1279
List the prime factors of 36435.
3, 5, 7, 347
What are the prime factors of 23963?
31, 773
What are the prime factors of 4110?
2, 3, 5, 137
List the prime factors of 5623.
5623
What are the prime factors of 7190?
2, 5, 719
List the prime factors of 942.
2, 3, 157
List the prime factors of 1707.
3, 569
What are the prime factors of 3623?
3623
List the prime factors of 3318.
2, 3, 7, 79
List the prime factors of 11228.
2, 7, 401
What are the prime factors of 300?
2, 3, 5
List the prime factors of 21081.
3, 7027
List the prime factors of 49108.
2, 12277
List the prime factors of 138.
2, 3, 23
List the prime factors of 1727.
11, 157
What are the prime factors of 749?
7, 107
List the prime factors of 1050.
2, 3, 5, 7
List the prime factors of 13323.
3, 4441
What are the prime factors of 5413?
5413
List the prime factors of 114208.
2, 43, 83
What are the prime factors of 20407?
20407
List the prime factors of 67200.
2, 3, 5, 7
What are the prime factors of 20521?
20521
What are the prime factors of 6495?
3, 5, 433
List the prime factors of 11580.
2, 3, 5, 193
What are the prime factors of 1904?
2, 7, 17
What are the prime factors of 2693?
2693
What are the prime factors of 2845?
5, 569
What are the prime factors of 11470?
2, 5, 31, 37
What are the prime factors of 2590?
2, 5, 7, 37
List the prime factors of 12013.
41, 293
What are the prime factors of 56080?
2, 5, 701
What are the prime factors of 522?
2, 3, 29
What are the prime factors of 56247?
3, 18749
List the prime factors of 87854.
2, 13, 31, 109
What are the prime factors of 142?
2, 71
List the prime factors of 60650.
2, 5, 1213
What are the prime factors of 31322?
2, 15661
List the prime factors of 2191.
7, 313
List the prime factors of 18575.
5, 743
List the prime factors of 1127.
7, 23
What are the prime factors of 12029?
23, 523
What are the prime factors of 11090?
2, 5, 1109
List the prime factors of 6174.
2, 3, 7
What are the prime factors of 439?
439
What are the prime factors of 14781?
3, 13, 379
What are the prime factors of 26310?
2, 3, 5, 877
What are the prime factors of 322?
2, 7, 23
List the prime factors of 443.
443
What are the prime factors of 7071?
3, 2357
List the prime factors of 16270.
2, 5, 1627
What are the prime factors of 89495?
5, 7, 2557
What are the prime factors of 912?
2, 3, 19
List the prime factors of 8031.
3, 2677
List the prime factors of 1244.
2, 311
What are the prime factors of 39?
3, 13
What are the prime factors of 4275?
3, 5, 19
List the prime factors of 1335.
3, 5, 89
What are the prime factors of 44513?
7, 6359
List the prime factors of 116.
2, 29
What are the prime factors of 40880?
2, 5, 7, 73
What are the prime factors of 95411?
73, 1307
What are the prime factors of 5040?
2, 3, 5, 7
What are the prime factors of 16571?
73, 227
List the prime factors of 16431.
3, 5477
List the prime factors of 516.
2, 3, 43
What are the prime factors of 1400?
2, 5, 7
What are the prime factors of 1063?
1063
What are the prime factors of 321